mmon factor of 63 and 112?
7
Calculate the greatest common divisor of 12 and 88.
4
What is the greatest common divisor of 1417 and 13?
13
Calculate the greatest common divisor of 1992 and 48.
24
What is the greatest common factor of 972 and 252?
36
Calculate the highest common divisor of 2870 and 70.
70
Calculate the highest common divisor of 826 and 126.
14
What is the greatest common factor of 111918 and 138?
138
Calculate the highest common factor of 24 and 456.
24
What is the greatest common divisor of 608 and 38?
38
Calculate the highest common factor of 765 and 17.
17
Calculate the greatest common factor of 3892 and 42.
14
Calculate the highest common factor of 4 and 626.
2
Calculate the greatest common factor of 3260 and 40.
20
What is the highest common divisor of 2242 and 266?
38
What is the greatest common divisor of 6867 and 3597?
327
Calculate the highest common factor of 310 and 217.
31
Calculate the highest common factor of 180 and 4300.
20
What is the highest common factor of 1326 and 39?
39
Calculate the highest common factor of 884 and 4148.
68
Calculate the greatest common factor of 156 and 884.
52
Calculate the greatest common factor of 56 and 12.
4
What is the greatest common factor of 800 and 250?
50
What is the greatest common factor of 61 and 427?
61
Calculate the highest common factor of 11110 and 770.
110
What is the highest common factor of 336 and 126?
42
Calculate the highest common divisor of 575 and 50.
25
Calculate the greatest common divisor of 3484 and 208.
52
What is the highest common divisor of 17248 and 336?
112
Calculate the greatest common divisor of 12 and 4272.
12
What is the greatest common factor of 21318 and 88?
22
Calculate the greatest common factor of 88 and 4532.
44
Calculate the highest common factor of 100 and 225.
25
What is the greatest common factor of 190 and 40?
10
Calculate the greatest common divisor of 369 and 82.
41
Calculate the highest common factor of 531 and 2891.
59
What is the highest common divisor of 885 and 177?
177
Calculate the greatest common divisor of 45 and 1809.
9
Calculate the greatest common factor of 60 and 30180.
60
Calculate the highest common factor of 286 and 88.
22
Calculate the highest common divisor of 782 and 4080.
34
Calculate the greatest common factor of 3112 and 8.
8
Calculate the greatest common factor of 741 and 39.
39
What is the greatest common factor of 38 and 19?
19
Calculate the highest common factor of 2835 and 54.
27
Calculate the highest common factor of 708 and 4.
4
What is the greatest common factor of 8 and 922?
2
What is the greatest common factor of 7506 and 556?
278
What is the highest common factor of 1270 and 40?
10
Calculate the highest common divisor of 287 and 301.
7
Calculate the greatest common factor of 387 and 1591.
43
Calculate the greatest common divisor of 224 and 56.
56
What is the highest common divisor of 125 and 75?
25
Calculate the greatest common divisor of 15 and 9975.
15
What is the highest common factor of 36 and 513?
9
Calculate the highest common divisor of 195 and 715.
65
What is the highest common divisor of 544 and 102?
34
What is the greatest common factor of 5267 and 253?
23
Calculate the highest common factor of 100 and 750.
50
Calculate the greatest common divisor of 693 and 8064.
63
Calculate the highest common divisor of 606 and 60.
6
What is the highest common factor of 12 and 102?
6
Calculate the greatest common factor of 189 and 63.
63
Calculate the highest common divisor of 435 and 30.
15
What is the highest common divisor of 784 and 252?
28
Calculate the greatest common divisor of 171 and 45.
9
What is the highest common factor of 33 and 17963?
11
Calculate the greatest common divisor of 8018 and 76.
38
Calculate the greatest common divisor of 55 and 115.
5
What is the greatest common factor of 30 and 960?
30
Calculate the highest common factor of 10 and 5.
5
What is the highest common divisor of 2147 and 113?
113
Calculate the highest common factor of 20 and 2.
2
What is the greatest common divisor of 7456 and 80?
16
Calculate the greatest common factor of 2523 and 522.
87
Calculate the greatest common divisor of 9 and 1737.
9
What is the highest common factor of 10 and 7?
1
Calculate the greatest common factor of 81731 and 13.
13
What is the greatest common divisor of 270 and 113670?
270
Calculate the highest common divisor of 151 and 1.
1
Calculate the highest common factor of 265 and 70.
5
What is the greatest common factor of 2 and 2?
2
Calculate the greatest common divisor of 6153 and 42.
21
What is the highest common divisor of 165 and 15?
15
Calculate the greatest common factor of 7070 and 70.
70
What is the highest common divisor of 19 and 342?
19
Calculate the greatest common factor of 680 and 4240.
40
Calculate the greatest common divisor of 2526 and 6.
6
Calculate the highest common divisor of 1253 and 537.
179
Calculate the greatest common factor of 176 and 16.
16
What is the highest common divisor of 1412 and 10?
2
What is the greatest common factor of 801 and 36?
9
What is the greatest common divisor of 790 and 316?
158
Calculate the highest common factor of 23 and 1403.
23
What is the greatest common divisor of 1030 and 90?
10
What is the highest common divisor of 1351 and 196?
7
What is the greatest common factor of 78 and 18?
6
Calculate the highest common factor of 6068 and 148.
148
Calculate the highest common factor of 512 and 384.
128
Calculate the highest common factor of 1258 and 296.
74
Calculate the highest common divisor of 40 and 1000.
40
What is the highest common divisor of 456 and 12?
12
Calculate the greatest common divisor of 16 and 2.
2
Calculate the highest common divisor of 14 and 7.
7
What is the greatest common divisor of 92 and 26588?
92
What is the greatest common divisor of 1071 and 36?
9
What is the greatest common factor of 63 and 4767?
21
Calculate the greatest common divisor of 17 and 459.
17
Calculate the highest common divisor of 6027 and 147.
147
Calculate the highest common factor of 128 and 1.
1
What is the highest common divisor of 7150 and 150?
50
Calculate the highest common divisor of 224 and 231.
7
Calculate the highest common factor of 45 and 18441.
9
Calculate the highest common factor of 351 and 13.
13
What is the greatest common factor of 1120 and 25?
5
Calculate the greatest common factor of 496 and 62.
62
Calculate the highest common divisor of 106 and 1961.
53
Calculate the greatest common divisor of 4116 and 63.
21
Calculate the highest common divisor of 86 and 473.
43
Calculate the highest common divisor of 225 and 1395.
45
What is the highest common factor of 150 and 7575?
75
Calculate the greatest common factor of 325 and 260.
65
What is the greatest common factor of 95 and 19?
19
What is the greatest common divisor of 272 and 368?
16
Calculate the greatest common factor of 808 and 544.
8
Calculate the highest common divisor of 132 and 1287.
33
What is the highest common divisor of 20 and 148?
4
Calculate the highest common factor of 681 and 9.
3
Calculate the highest common factor of 651 and 210.
21
What is the highest common divisor of 954 and 530?
106
Calculate the highest common factor of 160 and 336.
16
Calculate the greatest common divisor of 303 and 6161.
101
Calculate the greatest common divisor of 200 and 475.
25
Calculate the highest common divisor of 136 and 17.
17
Calculate the highest common divisor of 65 and 35.
5
Calculate the highest common factor of 429 and 1950.
39
Calculate the highest common factor of 54 and 12.
6
What is the highest common divisor of 22 and 9526?
22
What is the greatest common divisor of 152 and 1121?
19
What is the greatest common factor of 406 and 546?
14
Calculate the greatest common factor of 20 and 70.
10
What is the highest common factor of 32 and 9944?
8
Calculate the highest common factor of 129 and 86.
43
What is the greatest common divisor of 75 and 255?
15
Calculate the highest common factor of 54 and 2439.
9
Calculate the greatest common factor of 18748 and 43.
43
What is the highest common factor of 665 and 5?
5
Calculate the highest common divisor of 559 and 26.
13
Calculate the highest common factor of 3838 and 76.
38
What is the greatest common divisor of 1001 and 7?
7
Calculate t